when 65489277 is divided by 2966?
2963
What is the remainder when 189641960 is divided by 20?
0
What is the remainder when 11156194 is divided by 13?
10
What is the remainder when 1335295 is divided by 70?
45
What is the remainder when 8361173 is divided by 10557?
29
What is the remainder when 93544808 is divided by 34?
30
What is the remainder when 14329 is divided by 2520?
1729
Calculate the remainder when 112405047 is divided by 2650.
2647
Calculate the remainder when 219257 is divided by 72844.
725
What is the remainder when 7140099 is divided by 1193?
1187
Calculate the remainder when 2895641 is divided by 361951.
33
Calculate the remainder when 8094227 is divided by 1008.
995
Calculate the remainder when 260223 is divided by 960.
63
What is the remainder when 212445 is divided by 209?
101
What is the remainder when 113900 is divided by 2181?
488
What is the remainder when 21614813 is divided by 42717?
11
What is the remainder when 5004121 is divided by 2501998?
125
Calculate the remainder when 235507 is divided by 117395.
717
What is the remainder when 6276236 is divided by 2979?
2462
What is the remainder when 44646 is divided by 2209?
466
What is the remainder when 115563447 is divided by 850?
847
Calculate the remainder when 32065294 is divided by 1576.
1574
What is the remainder when 2533123 is divided by 2533110?
13
Calculate the remainder when 179624 is divided by 59599.
827
What is the remainder when 679861 is divided by 739?
720
Calculate the remainder when 6641954 is divided by 130.
124
Calculate the remainder when 873375 is divided by 224.
223
What is the remainder when 521889646 is divided by 56?
54
What is the remainder when 66194 is divided by 60?
14
Calculate the remainder when 274085 is divided by 12457.
31
Calculate the remainder when 55706024 is divided by 9083.
9068
Calculate the remainder when 1001036 is divided by 3525.
3461
Calculate the remainder when 3272100 is divided by 90890.
60
Calculate the remainder when 19870612 is divided by 644.
636
What is the remainder when 749231 is divided by 1494?
737
Calculate the remainder when 180647328 is divided by 3686680.
8
What is the remainder when 76051 is divided by 1133?
140
Calculate the remainder when 22722146 is divided by 873928.
18
What is the remainder when 23836 is divided by 320?
156
What is the remainder when 5700618 is divided by 19724?
382
Calculate the remainder when 10055673 is divided by 837970.
33
What is the remainder when 3243 is divided by 2315?
928
Calculate the remainder when 168005 is divided by 598.
565
What is the remainder when 689365 is divided by 162?
55
Calculate the remainder when 98891 is divided by 1455.
1406
What is the remainder when 21360430 is divided by 409?
405
Calculate the remainder when 107318811 is divided by 203641.
4
Calculate the remainder when 55728 is divided by 2420.
68
Calculate the remainder when 51789 is divided by 669.
276
Calculate the remainder when 2196431 is divided by 59363.
0
Calculate the remainder when 38782 is divided by 881.
18
What is the remainder when 3715 is divided by 1200?
115
What is the remainder when 46659 is divided by 1137?
42
Calculate the remainder when 525008 is divided by 174885.
353
What is the remainder when 653104 is divided by 674?
672
What is the remainder when 72713 is divided by 71037?
1676
Calculate the remainder when 74276 is divided by 5873.
3800
What is the remainder when 50102896 is divided by 1318497?
10
Calculate the remainder when 3375450 is divided by 132.
78
What is the remainder when 7433724 is divided by 866?
846
Calculate the remainder when 80621 is divided by 15930.
971
What is the remainder when 580067 is divided by 32216?
179
Calculate the remainder when 2636755 is divided by 9950.
5
What is the remainder when 44041 is divided by 1862?
1215
What is the remainder when 22175 is divided by 2224?
2159
What is the remainder when 64851 is divided by 2395?
186
Calculate the remainder when 212679897 is divided by 286.
1
What is the remainder when 2575654 is divided by 1016?
94
What is the remainder when 27581499 is divided by 4596915?
9
Calculate the remainder when 96614 is divided by 24136.
70
What is the remainder when 28643 is divided by 390?
173
Calculate the remainder when 5461689 is divided by 25.
14
What is the remainder when 1838064 is divided by 918716?
632
Calculate the remainder when 832474 is divided by 277287.
613
What is the remainder when 442858 is divided by 78?
52
Calculate the remainder when 2913738 is divided by 161861.
240
Calculate the remainder when 1554571 is divided by 17.
6
Calculate the remainder when 72486718 is divided by 24.
22
Calculate the remainder when 438768 is divided by 986.
984
Calculate the remainder when 8097193 is divided by 207620.
13
Calculate the remainder when 93471674 is divided by 103.
101
Calculate the remainder when 38868 is divided by 521.
314
Calculate the remainder when 849557 is divided by 24270.
107
What is the remainder when 887898 is divided by 14?
4
Calculate the remainder when 680417 is divided by 219.
203
What is the remainder when 180095 is divided by 89991?
113
What is the remainder when 8013607 is divided by 8013446?
161
What is the remainder when 495129 is divided by 70?
19
Calculate the remainder when 1048814 is divided by 2590.
2454
Calculate the remainder when 170324 is divided by 22884.
10136
Calculate the remainder when 260003873 is divided by 13.
12
What is the remainder when 59174081 is divided by 2222?
2221
What is the remainder when 8934501 is divided by 30?
21
What is the remainder when 12828729 is divided by 511?
74
What is the remainder when 5141 is divided by 439?
312
What is the remainder when 654554 is divided by 2355?
2219
What is the remainder when 20765 is divided by 530?
95
What is the remainder when 14777154 is divided by 7524?
18
What is the remainder when 405698 is divided by 67494?
734
What is the remainder when 85215 is divided by 2369?
2300
Calculate the remainder when 325338 is divided by 136.
26
Calculate the remainder when 4839121 is divided by 11440.
1
Calculate the remainder when 22872 is divided by 22693.
179
What is the remainder when 15639621 is divided by 273?
270
Calculate the remainder when 4032796 is divided by 509.
498
What is the remainder when 2689744 is divided by 6?
4
What is the remainder when 35796728 is divided by 4930?
4928
What is the remainder when 5860860 is divided by 638?
192
Calculate the remainder when 115039 is divided by 1098.
847
Calculate the remainder when 522466 is divided by 174155.
1
Calculate the remainder when 3024463 is divided by 755.
688
Calculate the remainder when 31461283 is divided by 23.
20
Calculate the remainder when 370228 is divided by 1078.
474
What is the remainder when 4194696 is divided by 2097324?
48
Calculate the remainder when 2743097 is divided by 685713.
245
What is the remainder when 2992616 is divided by 987?
32
Calculate the remainder when 119967 is divided by 1107.
411
What is the remainder when 7670 is divided by 3732?
206
Calculate the remainder when 93081786 is divided by 37.
35
What is the remainder when 311565 is divided by 379?
27
Calculate the remainder when 510397 is divided by 10742.
5523
What is the remainder when 1932425 is divided by 110?
55
What is the remainder when 212115 is divided by 4078?
59
What is the remainder when 662830 is divided by 1268?
934
Calculate the remainder when 2488222 is divided by 12.
10
What is the remainder when 3668 is divided by 1693?
282
Calculate the remainder when 1392732 is divided by 46423.
42
What is the remainder when 274460 is divided by 7824?
620
What is the remainder when 197781 is divided by 64?
21
What is the remainder when 13067311 is divided by 8?
7
What is the remainder when 7208943 is divided by 3604435?
73
Calculate the remainder when 15553939 is divided by 204657.
7
What is the remainder when 170251 is divided by 33971?
396
Calculate the remainder when 27315 is divided by 26965.
350
What is the remainder when 54254 is divided by 1099?
403
Calculate the remainder when 4536072 is divided by 20.
12
What is the remainder when 404956 is divided by 888?
28
What is the remainder when 218387 is divided by 254?
201
What is the remainder when 10715467 is divided by 2333?
2331
Calculate